/(-9))/((-4)/48). Let n be y(d). Let z = n - 22. List the prime factors of z.
2, 5
Let j be (-12)/(-8)*(-5 + 19). Suppose -2*t + 1029 = g, 18*t - j*t - 2*g = -1545. What are the prime factors of t?
3, 19
Let f(n) = 8*n**3 - 12*n**2 + 3*n - 20. Let m be f(8). Suppose 0 = 5*y + 3*j - 2873 - 1314, 0 = 4*y - 2*j - m. What are the prime factors of y?
5, 167
Suppose 5*l = 4*w + 243267, 473*l + 145956 = 476*l - w. List the prime factors of l.
3, 16217
Let i(c) = 64*c - 5 + 18 - 47. List the prime factors of i(4).
2, 3, 37
Let g be 2/(((-2)/7)/((-26)/91)). Suppose -3*r - 4*n + 4198 = -616, -4 = -g*n. List the prime factors of r.
2, 3, 89
Suppose 0 = -7*c + 3585 + 2701. List the prime factors of c.
2, 449
What are the prime factors of (-4)/(-28) + 2289/14*(-14120)/(-105)?
3, 7, 349
Suppose 1 = -3*n - 2*o + 3, 3*n = 4*o - 4. Suppose n = -18*h + 12*h + 2664. What are the prime factors of h?
2, 3, 37
Suppose 22*c = 27*c. What are the prime factors of (1 - 0)/((-4)/(-1968) - c)?
2, 3, 41
Suppose -651*w + 850968 = -615*w. What are the prime factors of w?
2, 53, 223
Let a be (-128)/((-72)/39 + 3 + -1). What are the prime factors of (-7 - 0)/(8/a)?
2, 7, 13
Let i(k) = 5*k**2 - k. Let m be i(2). Let q = -401 - -357. List the prime factors of (21 - m)/((-6)/q).
2, 11
What are the prime factors of 6*(-9)/6 + 12 + (-13044)/(-1)?
3, 4349
Suppose -3*b + 17 = d, 5*b - 6*d + 4*d - 21 = 0. Suppose -4*x + 4*u = -7012, -b*u + 15 - 10 = 0. List the prime factors of x.
2, 877
Suppose 2*n = -4*j, 0 = 32*n - 35*n - 12. What are the prime factors of (3 + (2 - 1) - j)*13?
2, 13
Suppose 188579 - 850661 = -17*o. List the prime factors of o.
2, 3, 6491
Let x = -32080 - -71434. What are the prime factors of x?
2, 3, 7, 937
Let h(b) = b**2 - 9*b - 29. Let y be h(13). Suppose 161 = p - y. What are the prime factors of p?
2, 23
Let m(s) = s**3 + 23*s**2 + 10*s - 3. Let z be m(-24). Let a be (z/(-28))/((-3)/(-24)). Suppose 0 = a*c - 230*c - 672. What are the prime factors of c?
2, 3, 7
Suppose -17726 = -3*x + 5*h, 0*x = -x + h + 5910. Suppose -16*l = -x + 904. What are the prime factors of l?
313
What are the prime factors of (-3*(-338)/(-156))/((-2)/1556)?
13, 389
Suppose 2*f = 5*z - 32, 5 = -5*z - 5. Let u be f*(-4)/16 - 6/(-8). Suppose -u*q + q = -580. List the prime factors of q.
2, 29
Suppose 5*v + 92 = -2*x, 15*v - 12*v + 44 = -4*x. Suppose 2*k = 3*s + 550, -995 = -5*k + 3*s + 371. Let j = v + k. List the prime factors of j.
2, 3, 7
Let d = -96 - -36. Let x = 129 - d. What are the prime factors of x?
3, 7
Suppose -g + 10288 = -5*n, -n - 17072 = -5*g + 34440. List the prime factors of g.
10303
Suppose 4*l + 0*l - s = 34, 3*s + 14 = l. Suppose -l*z + w = -12*z + 539, 3*z + 2*w = 398. List the prime factors of z.
2, 17
List the prime factors of -7 + (-101174 - 4)/(-9).
3, 5, 7, 107
Let h(c) = 4*c - 15. Let g be h(4). List the prime factors of (-15 - -19)*(405/12 + g).
139
Suppose 0 = -3*c - 3*l, -c + 2*l + 10 = -2*l. Let g be 0*(-2)/(8/c). Let k(n) = n**3 - 2*n**2 + 2*n + 97. What are the prime factors of k(g)?
97
Suppose 0 = -27*u - 495 - 72. List the prime factors of (0 - 2989/u)*9.
3, 7, 61
Let s(z) = -747*z + 49 - 10 + 751*z. What are the prime factors of s(21)?
3, 41
Suppose -14*x = -7*x + 3654. Let o = 1044 + x. List the prime factors of o.
2, 3, 29
What are the prime factors of (0 - (-255)/(-2))*(-200)/72*24?
2, 5, 17
Suppose p + 4 = 5. What are the prime factors of 1334 - (21 - 16 - (p + -2))?
2, 83
Let x = 4 + -4. Suppose g - 6*q + 11*q + 9 = 0, 2*g + q - 18 = x. Let d(f) = 4*f - 6. What are the prime factors of d(g)?
2, 19
Suppose 0 = 72*d + 387944 - 556871 - 948729. List the prime factors of d.
19, 43
Let w = -28841 - -61297. List the prime factors of w.
2, 4057
What are the prime factors of 836094/68 - (-9)/(-6)?
2, 3, 683
Let j(h) be the first derivative of 22*h**2 - 100*h - 57. List the prime factors of j(10).
2, 5, 17
Let a = 264 + -243. Suppose a*i - 6362 - 4096 = 0. What are the prime factors of i?
2, 3, 83
Let u(x) = 189*x**2 - 78*x + 60. What are the prime factors of u(15)?
3, 5, 11, 251
Suppose -4*d + 10 = 3*w - 4, -w = -d. Let r(z) = 7*z**3 + 2*z**2 - z + 2. Let v be r(w). Suppose 36 = 4*j - v. List the prime factors of j.
5
Let m be (0 - -2) + (-14 - -8) + -115. Let i = -54 - m. What are the prime factors of i?
5, 13
Let p be 48/20 - (-4)/(-10) - -65. Suppose v = p + 73. Suppose 5*s = 3*s + v. What are the prime factors of s?
2, 5, 7
Let k = -12 + 7. Let b(n) = -n**3 - n**2 - n + 1. Let v be b(1). What are the prime factors of ((-23)/v)/((-3)/150*k)?
5, 23
Let s = 8084 - 1043. What are the prime factors of s?
3, 2347
Suppose 0 = -48*p + 135568 + 2768. List the prime factors of p.
2, 11, 131
Let s = -93 + 96. Suppose -3*m + 4*x = 2*m + 6, -3*m - 6 = -s*x. Suppose 131 = m*a + 13. List the prime factors of a.
59
Let t(b) be the second derivative of -5*b**3/6 - 7*b**2/2 + 8*b. Let q be t(-9). Let w = 184 - q. List the prime factors of w.
2, 73
Let d(s) be the third derivative of -17*s**2 + 4/3*s**3 + 0*s - 1/12*s**5 - 1/8*s**4 + 1/120*s**6 + 0. What are the prime factors of d(6)?
2, 13
Let r be 14*(28/8 - 2). Let a(c) = 19*c - 60. List the prime factors of a(r).
3, 113
Let z(j) be the first derivative of 165*j**2/2 + 76*j - 161. List the prime factors of z(6).
2, 13, 41
Let m = -2107 - -3140. What are the prime factors of m?
1033
Let d(j) = 33*j + 5871. What are the prime factors of d(0)?
3, 19, 103
Let t = 183 - 174. Let i = 0 + -3. List the prime factors of ((i - -10) + (3 - 0))*t.
2, 3, 5
Suppose -2*q - 4*t - 240 = 0, 115 = 10*q - 11*q - t. What are the prime factors of (q/15)/11 + 5600/12?
2, 233
Suppose -15*w + 20*w = 20. Suppose 20 = 5*z, -w*d = 2*z - 181 - 307. List the prime factors of d.
2, 3, 5
Suppose -4*u - 7345 = -18174 - 34835. List the prime factors of u.
2, 1427
Let q = 738 + -735. List the prime factors of 4/q - 35/(-42)*1286.
29, 37
Let w(p) = 470*p**2 - 19*p + 9. What are the prime factors of w(4)?
29, 257
What are the prime factors of 80/(-240)*12*-1 - -19823?
3, 2203
Suppose 4*q - 3*a - 34 = 22, q + 3*a = 29. Let t(g) be the first derivative of g**4/4 - 14*g**3/3 - 19*g**2 + 2*g - 1506. List the prime factors of t(q).
223
Let m(v) = -2513*v - 5154. List the prime factors of m(-19).
191, 223
Let u(g) = 11*g - 84. Let m be u(8). List the prime factors of (-40)/3*((-65)/(-26) - m).
2, 5
Suppose 37856 = 4*g - o, -5*g = -5*o + 2375 - 49695. What are the prime factors of g?
2, 7, 13
Let v be (-1)/(-3)*-2*(-3)/2. Suppose 1 = -2*i + 2*s - v, 0 = -i + 4*s - 10. Suppose -i*f = p - 37, -4*p + 64 = 5*f - 69. What are the prime factors of p?
3
Suppose 27 = 5*y - 4*m - 14, -3*y = 3*m - 3. Suppose 2*d + 4*u + 331 = y*d, -4*u = -4*d + 448. Let j = d - 40. List the prime factors of j.
7, 11
Suppose -63103 - 47891 = -3*o. List the prime factors of o.
2, 13, 1423
Let v = -15922 + 27643. What are the prime factors of v?
3, 3907
List the prime factors of 17 + (-237424)/(1 - 9).
5, 5939
Suppose -3*a = -w - 26814, 43*a + 26811 = 46*a - 2*w. What are the prime factors of a?
7, 1277
Let n = 122 - -554. What are the prime factors of 2/(-1) + 11 + n?
5, 137
Let m be 30/8*(-72)/(-54). Let t(z) = z**3 - 4*z**2 + 2*z. What are the prime factors of t(m)?
5, 7
Let k(v) = 1397*v**2 + 12*v + 24. What are the prime factors of k(-2)?
2, 11, 127
Let r = 370 - 131. Suppose k - 269 = -0*k + 5*x, k - r = -x. Suppose 173 = 3*f - k. What are the prime factors of f?
139
Let g(d) be the first derivative of 6*d**2 + 423*d + 58. List the prime factors of g(0).
3, 47
Let o = -7962 - -27981. List the prime factors of o.
3, 6673
Let m(p) = -2*p. Let a be m(-1). Let w be 480/(-35) + a/(-7). List the prime factors of -33*2/12*w.
7, 11
Let n = 76 + -76. Let s be ((-200)/12)/5*(n - -3). List the prime factors of (3 + 72/10)/((-1)/s).
2, 3, 17
Let z = 91 + -86. Suppose 2*k = q + k - 25, q + 5*k = -z. What are the prime factors of (2736/(-95))/((-6)/q)?
2, 3
Let j be 52/(-12) + 6/(-9). Let t(u) = -3 + u**3 - 11 + 6*u**2 - 6*u + 4. What are the prime factors of t(j)?
3, 5
List the prime factors of -10656*(-144)/64*(-2)/(-9).
2, 3, 37
Let v(h) = h**2 + 22*h + 1. Let l = -119 - -129. What are the prime factors of v(l)?
3, 107
What are the prime factors of -12 + (-12 - 221816/(-17))?
2, 11, 37
L